 - 11. What is the greatest common divisor of u and d?
10
Suppose 4 = 2*u - 6. Suppose 2*o + 37 = u*y - 2, 5*o = -4*y + 51. Suppose 14*v - 500 = y*v. Calculate the highest common divisor of 25 and v.
25
Let u = 86 + 28. Calculate the highest common factor of u and 6.
6
Suppose 2*r + 64 = 6*r. Let z be (r/10)/((-8)/(-100)*5). Calculate the greatest common factor of 16 and z.
4
Let j = 120 + -106. Suppose -5*x - 9 = -4. Let q = x + j. What is the greatest common divisor of 65 and q?
13
Let t = 180 - 170. What is the highest common divisor of 50 and t?
10
Let v be (-6)/(166/(-54) + 3). Suppose -2*z = a + 2*a + v, 0 = -2*z - 4*a - 84. Let b be (27/z)/((-1)/16). What is the greatest common factor of 12 and b?
12
Suppose 0 = -q + 3*w + 22, -3*q = -7*q - 5*w + 122. Suppose 0*b + 307 = r - b, -4*r + b + 1231 = 0. Calculate the greatest common factor of r and q.
28
Let c = -168 + 464. What is the greatest common factor of 8 and c?
8
Let u(f) = -f**2 - 13*f + 6. Let l be u(-9). Let d(p) = p**2 + 62*p + 334. Let m be d(-64). What is the greatest common factor of m and l?
42
Suppose -b + 28 = -2*i, -99 = 3*i - 5*b - 43. Let f be (i/(-10))/((-6)/15) + 21. What is the highest common factor of 24 and f?
6
Let g be (30/(-40))/((-1)/20). What is the highest common divisor of 12 and g?
3
Let b(h) = -47*h + 103. Let s be b(2). Suppose -18 = -2*j - j. Calculate the greatest common factor of j and s.
3
Suppose 11*b - 4*b = -70. Let g = b + 18. Suppose 3*h + h = 64. Calculate the greatest common divisor of h and g.
8
Suppose 67 = 5*t - w - 18, 3*w = 5*t - 95. What is the greatest common factor of t and 80?
16
Suppose 0 = q - 4*j + 12, -q - q - 3*j = -20. Suppose 0 = -2*o - q*i + 80 - 24, -12 = -o + 2*i. Calculate the greatest common divisor of 4 and o.
4
Let z = 31 + -19. Let s(a) = -a**2 + 12*a + 9. Let q be s(9). Suppose q = 2*p - p. What is the greatest common divisor of z and p?
12
Let y = -6 + 5. Let q(d) = d**2 - 3*d. Let h be q(0). Let g be (y - h)/((-2)/4). Calculate the greatest common divisor of g and 2.
2
Suppose -4*r + 64 = -44. Let p be (814/6 + (-28)/42)/1. What is the greatest common factor of r and p?
27
Let c be 17 - (-2 + (-18)/(-6)). What is the highest common divisor of 256 and c?
16
Let r(z) = -10*z + 193. Let s be r(16). Calculate the greatest common divisor of 3 and s.
3
Let u(z) = z**3 + 6*z - 34. Let y be u(5). Calculate the greatest common divisor of y and 88.
11
Let y be (-11 - (-780)/75) + 288/5. Calculate the highest common factor of y and 3.
3
Suppose 20 = -5*y, 5*r - 6*y - 296 = -7*y. What is the greatest common factor of r and 160?
20
Suppose -4*c + 39 = -57. Let o be (-12)/(-21) + 51/21. Calculate the greatest common divisor of o and c.
3
Let y = 3 - -3. Let b be -6 + (20/(-3))/(-5)*9. Calculate the greatest common factor of y and b.
6
Let x(g) = 2*g**2 - 14*g - 29. Let i be x(9). Let d be 50/(-4)*56/(-10). Calculate the greatest common divisor of i and d.
7
Suppose 3*a - 4*y - 1311 = -y, 437 = a - 2*y. Calculate the highest common divisor of 38 and a.
19
Let f be 54 + -36 - (-2 + -1). Calculate the highest common divisor of f and 273.
21
Let d(q) = 2*q - 6*q + 181 - 198. Let y be d(-20). Let a be (2 + -1)*(9 - 0). Calculate the greatest common divisor of a and y.
9
Let p be 55/66 + 1371/18. Calculate the greatest common factor of 22 and p.
11
Let t be 155 + 0 + (3 - -1). Let q = t - 93. Let z be 0/(-1) - -5 - -1. What is the highest common factor of q and z?
6
Let n(p) = 27*p**2 + p + 22. Let u be n(-4). Calculate the highest common factor of 30 and u.
30
Suppose -4 - 2 = 3*k, 5*b = k + 2. Suppose -4*y + y - 2*l + 20 = b, -3*y + 28 = 4*l. What is the highest common factor of 2 and y?
2
Let o be (-405)/(-45) - (-816 + 0). What is the greatest common factor of o and 22?
11
Suppose 1098 = 3*w + 1002. Calculate the greatest common factor of 32 and w.
32
Let c be (-2)/(-4)*-156*6/(-18). Let p = -115 + 206. What is the greatest common divisor of p and c?
13
Let k be 8/(-60) + (1774/30 - 1). Calculate the greatest common factor of k and 10.
2
Let b be (-3)/(-2 - (-3)/6). Suppose -4*f + 3*r = -b*r + 17, -f + 5*r = 23. What is the highest common factor of f and 4?
2
Let b(h) = -1. Let o(q) = 5*q + 27. Let p(j) = -3*b(j) - o(j). Let m be p(-6). Calculate the highest common factor of 9 and m.
3
Let f be ((-12)/4 + 5)/2. Suppose -2*g + 18 = 4*r, -33 = -4*r - 2*g - 3*g. What is the highest common divisor of f and r?
1
Let l(j) = -j**3 - 8*j**2 - 7*j + 4. Let a be l(-7). Let x be a/14 + 96/7. Calculate the highest common divisor of x and 70.
14
Let j be -9*4/(-48) + 41/4. Suppose -4*m = -61 - 11. Suppose -3*s + m + 15 = 0. Calculate the greatest common factor of s and j.
11
Let l(d) = 3*d + 21. Let i be l(17). Let f be (-2)/(((-2)/i)/((-2)/(-3))). Calculate the highest common factor of f and 16.
16
Suppose 3*c - o = 7, 2*c + 3*c - 2*o - 12 = 0. Suppose -4 = -c*n + n. Let d be 16510/290 + -13 - (-6)/87. Calculate the greatest common factor of n and d.
4
Let b = 78 - 18. Suppose 0 = -2*a + a + b. Let y(x) = x**3 - 4*x**2 - 11*x + 9. Let v be y(6). What is the greatest common factor of a and v?
15
Suppose -15*y + 14*y = 2*t - 16, 0 = -3*y + 2*t + 16. Let z(q) = -q**3 + 2*q**2 + q - 4. Let b be z(-4). What is the highest common divisor of y and b?
8
Suppose 8*p - 4*p - 60 = 0. What is the greatest common factor of 615 and p?
15
Let s = 166 + 197. Let k be (132/(-30))/((-2)/15). What is the greatest common divisor of k and s?
33
Suppose -652 = -5*y + 2*y + 2*t, 3*t = -y + 232. What is the highest common factor of y and 55?
55
Let g(c) = -4*c**3 + 16*c + 9*c**3 - 9*c**2 - 4*c**3 - 24. Let o be g(9). What is the highest common divisor of 15 and o?
15
Let d = 51 + -35. Let x(u) = 2*u**2 - 9*u - 11. Let r be x(8). Let o = r - 29. What is the greatest common factor of o and d?
16
Let q = -431 - -458. What is the greatest common factor of 12 and q?
3
Let o = 33 - 25. Let n = -3 - -23. Calculate the greatest common factor of n and o.
4
Suppose -t - 3*t = -4*s + 4, 0 = s + 3*t - 13. Suppose 0 = s*z - 16 - 0. What is the greatest common factor of z and 4?
4
Let l(m) = -2*m + 7. Let f be l(4). Let x be f*(13 - 4)*-1. What is the highest common divisor of 1 and x?
1
Let l be ((-8)/20)/((-1)/240). Let h = -17 - -13. Let q be (-6)/(21/6 + h). What is the highest common divisor of l and q?
12
Let q = 130 - 110. Suppose -5*c + c - 4 = -2*r, -q = -r - 4*c. What is the greatest common factor of 6 and r?
2
Let g = 0 + 16. Suppose -12 = -3*l - 0*l. Calculate the greatest common divisor of l and g.
4
Suppose 0*b + k = 2*b - 15, k + 21 = 3*b. Suppose -3 = t - b. Let i = -71 - -104. Calculate the highest common factor of t and i.
3
Let r(j) = 38*j**2 - 3*j + 7. Let q be r(4). Suppose 4*d - q = -h, -5*h = -4*d - d + 735. Calculate the highest common divisor of 60 and d.
30
Suppose -5*m = -3*v + 6*v - 290, -3*v + 3*m + 258 = 0. Let d(a) = -68*a - 310. Let g be d(-5). Calculate the greatest common factor of v and g.
30
Suppose -5024*a + 5019*a = -65. Calculate the greatest common factor of a and 1313.
13
Let p(y) = 5*y - 34. Let s be p(7). Let q be 18/6 - s*(-17 + 0). What is the greatest common divisor of q and 50?
10
Suppose 0 = -5*z + 253 - 3. Suppose -47*y + z*y = 75. What is the greatest common factor of y and 15?
5
Suppose 12*r = 7*r - k + 1159, k + 920 = 4*r. Calculate the greatest common divisor of 21 and r.
21
Let k = -83 + 48. Let v = 75 - 22. Let y = v + k. Calculate the highest common divisor of 108 and y.
18
Let o(v) = -30*v - 135. Let y be o(-50). What is the greatest common divisor of y and 39?
39
Let m be (18/(-4))/(18/(-24)). Suppose -x - 2*t = m, 4 = -0*t - t. Suppose 0 = 4*k - i - 46, -i - x*i + 6 = 0. Calculate the highest common divisor of 6 and k.
6
Suppose -3*s + 60 = 2*s. Let i = 565 - -77. Suppose 5*b = i - 162. What is the greatest common factor of s and b?
12
Suppose x + 106 = -0*m + 2*m, 20 = 5*x. Let s = -38 - -65. Let k = s + -22. Calculate the greatest common divisor of m and k.
5
Suppose -y - 85 = -2*s, -y = -4*s + 19 + 152. Let f = -28 + s. Calculate the highest common factor of f and 15.
15
Suppose 3*h = 3, 0 = -2*g + g - 2*h + 10. Suppose -g = -5*v + 1392. Calculate the highest common divisor of v and 40.
40
Let h = -7 + 35. Let a = -3